osite number?
False
Is 249881 a composite number?
False
Is 55987 prime?
True
Is 18797 a composite number?
False
Is 59647 prime?
False
Is 44211 a composite number?
True
Is 351139 prime?
False
Is 513709 prime?
False
Is 78721 a prime number?
True
Is 13369 composite?
True
Is 12143 a composite number?
False
Is 115043 a prime number?
False
Is 136151 composite?
True
Is 34211 a composite number?
False
Is 294859 prime?
True
Is 1084319 prime?
False
Is 299531 a composite number?
True
Is 707809 prime?
False
Is 286673 composite?
False
Is 284723 prime?
True
Is 7226 a composite number?
True
Is 96622 a prime number?
False
Is 20877 composite?
True
Is 3841 prime?
False
Is 8321 composite?
True
Is 3803 a prime number?
True
Is 38941 composite?
True
Is 5713 composite?
True
Is 2911 prime?
False
Is 1239421 composite?
False
Is 66961 prime?
False
Is 30157 composite?
True
Is 23167 a composite number?
False
Is 73651 composite?
False
Is 10687 a composite number?
False
Is 33379 a prime number?
False
Is 8803 composite?
False
Is 115613 prime?
True
Is 7451 prime?
True
Is 56359 a prime number?
True
Is 2927 prime?
True
Is 191 a composite number?
False
Is 659969 composite?
True
Is 10477 prime?
True
Is 2153 prime?
True
Is 3523 composite?
True
Is 1069867 a composite number?
False
Is 3041 composite?
False
Is 53643 prime?
False
Is 29123 a composite number?
False
Is 37911 composite?
True
Is 66733 a composite number?
False
Is 54265 prime?
False
Is 23917 a composite number?
False
Is 58831 a composite number?
False
Is 50033 composite?
False
Is 33097 prime?
False
Is 31701 composite?
True
Is 584905 prime?
False
Is 493 composite?
True
Is 38765 a prime number?
False
Is 136303 composite?
False
Is 492263 a prime number?
False
Is 640163 a composite number?
False
Is 3259 a prime number?
True
Is 4253 composite?
False
Is 21685 a prime number?
False
Is 1495817 prime?
True
Is 218917 prime?
False
Is 127 composite?
False
Is 15439 a composite number?
False
Is 1657 a prime number?
True
Is 162221 a prime number?
True
Is 151681 composite?
False
Is 218783 a prime number?
True
Is 12941 prime?
True
Is 22271 composite?
False
Is 820307 prime?
False
Is 29231 prime?
True
Is 14923 composite?
False
Is 7483 a prime number?
False
Is 28261 prime?
False
Is 13793 a composite number?
True
Is 60503 a prime number?
False
Is 1321571 a composite number?
False
Is 341329 a prime number?
False
Is 61514 a prime number?
False
Is 232303 a prime number?
True
Is 3191 composite?
False
Is 13997 a prime number?
True
Is 261379 composite?
False
Is 87071 prime?
True
Is 10559 a prime number?
True
Is 35589 composite?
True
Is 23417 composite?
False
Is 62741 composite?
True
Is 44717 a prime number?
False
Is 58253 composite?
True
Is 3817 composite?
True
Is 5143 a prime number?
False
Is 54751 a composite number?
False
Is 106553 prime?
False
Is 4417 a prime number?
False
Is 2155 a prime number?
False
Is 342473 a composite number?
True
Is 265399 composite?
False
Is 11003 a prime number?
True
Is 514637 prime?
True
Is 1151 a prime number?
True
Is 231779 composite?
False
Is 8923 a composite number?
False
Is 1319 a prime number?
True
Is 58889 prime?
True
Is 382457 prime?
True
Is 368323 a prime number?
True
Is 20569 composite?
True
Is 204037 prime?
False
Is 7807 prime?
False
Is 2596693 composite?
True
Is 413953 prime?
False
Is 11617 a prime number?
True
Is 673601 prime?
False
Is 846182 composite?
True
Is 422219 a composite number?
True
Is 2719 prime?
True
Is 815735 prime?
False
Is 2159 prime?
False
Is 31451 composite?
True
Is 62473 composite?
False
Is 10661 prime?
False
Is 871957 a prime number?
True
Is 233 prime?
True
Is 345341 a composite number?
True
Is 17833 composite?
True
Is 550007 a composite number?
False
Is 11303 composite?
True
Is 58471 a prime number?
False
Is 2454899 prime?
True
Is 1766 a composite number?
True
Is 4739 a composite number?
True
Is 14621 composite?
False
Is 3791 a composite number?
True
Is 1109387 composite?
False
Is 33217 composite?
True
Is 13097 a composite number?
True
Is 444413 a composite number?
True
Is 114419 prime?
True
Is 21943 prime?
True
Is 144151 a prime number?
False
Is 104281 composite?
False
Is 4049 a composite number?
False
Is 4454269 prime?
True
Is 105059 composite?
True
Is 189307 composite?
False
Is 67147 prime?
False
Is 85658 prime?
False
Is 21961 a composite number?
False
Is 3132257 prime?
True
Is 72395 composite?
True
Is 182719 a composite number?
True
Is 97663 a prime number?
False
Is 158141 a composite number?
False
Is 5562551 a composite number?
False
Is 65479 a composite number?
False
Is 118689 prime?
False
Is 55453 a composite number?
True
Is 55349 prime?
False
Is 67121 a composite number?
False
Is 22301 a composite number?
True
Is 140111 prime?
True
Is 2936261 composite?
True
Is 8663 composite?
False
Is 151237 a prime number?
True
Is 376287 a composite number?
True
Is 18439 a composite number?
False
Is 22987 a composite number?
True
Is 179 prime?
True
Is 28687 a prime number?
True
Is 32531 a prime number?
True
Is 117361 composite?
False
Is 23137 composite?
True
Is 476279 a prime number?
True
Is 42647 a composite number?
True
Is 129167 a prime number?
False
Is 320009 a composite number?
False
Is 43235 a prime number?
False
Is 12469 a prime number?
False
Is 6898 a prime number?
False
Is 9533 composite?
False
Is 281495 a prime number?
False
Is 40949 a composite number?
False
Is 1916651 prime?
False
Is 490001 composite?
False
Is 593029 composite?
False
Is 1841201 prime?
True
Is 107819 composite?
True
Is 126537 prime?
False
Is 7067 composite?
True
Is 4399 composite?
True
Is 114983 a prime number?
False
Is 155069 a prime number?
True
Is 66569 composite?
False
Is 219119 a prime number?
True
Is 78119 prime?
False
Is 738533 composite?
True
Is 83393 a prime number?
False
Is 108839 a prime number?
False
Is 24169 prime?
True
Is 36107 composite?
False
Is 583 a composite number?
True
Is 134639 composite?
False
Is 1366489 a prime number?
False
Is 207943 composite?
True
Is 5407 composite?
False
Is 919949 prime?
True
Is 1281197 prime?
False
Is 66161 a composite number?
False
Is 7045 a prime number?
False
Is 5647 a prime number?
True
Is 571 a prime number?
True
Is 49493 a prime number?
False
Is 27271 prime?
True
Is 117983 a prime number?
False
Is 217943 prime?
False
Is 827501 composite?
False
Is 345145 composite?
True
Is 1618 prime?
False
Is 979 a composite number?
True
Is 16301 a composite number?
False
Is 283537 composite?
True
Is 11065 composite?
True
Is 1907 a composite number?
False
Is 7418 composite?
True
Is 88531 a prime number?
False
Is 1018299 prime?
False
Is 191739 prime?
False
Is 1219 a composite number?
True
Is 165023 composite?
True
Is 581 a prime number?
False
Is 6499 composite?
True
Is 111143 a composite number?
False
Is 267181 prime?
False
Is 446353 composite?
False
Is 106331 composite?
False
Is 56777 a prime number?
False
Is 14017 composite?
True
Is 8521 prime?
True
Is 352445 composite?
True
Is 4667 composite?
True
Is 415 a prime number?
False
Is 891641 composite?
True
Is 50187 a composite number?
True
Is 27509 a composite number?
False
Is 31531 prime?
True
Is 5447 composite?
True
Is 17233 composite?
True
Is 21871 composite?
False
Is 55757 prime?
False
Is 312787 prime?
False
Is 4241 composite?
False
Is 108377 prime?
True
Is 760611 a composite number?
True
Is 231377 a composite number?
True
Is 1110533 prime?
True
Is 16879 composite?
False
Is 52279 a composite number?
True
Is 113621 prime?
True
Is 81071 prime?
True
Is 4619 a composite number?
True
Is 226063 a composite number?
False
Is 329407 composite?
True
Is 409 a composite number?
False
Is 23227 a composite number?
False
Is 33217 prime?
False
Is 56305 a composite number?
True
Is 741194 composite?
True
Is 9173 a composite number?
False
Is 779693 a composite number?
False
Is 3251 composite?
False
Is 216613 a prime number?
False
Is 1711 a composite number?
True
Is 8285 a composite number?
True
Is 612082 prime?
False
Is 16661 prime?
True
Is 434633 a prime number?
False
Is 11027 a prime number?
True
Is 95345 composite?
True
Is 194 a prime number?
False
Is 138101 composite?
False
Is 529 composite?
True
Is 16427 a prime number?
True
Is 17411 prime?
False
Is 37667 a composite number?
True
Is 10651297 a prime number?
True
Is 48149 prime?
False
Is 67